{"id":54319,"date":"2024-04-08T16:36:29","date_gmt":"2024-04-08T16:36:29","guid":{"rendered":"https:\/\/cmn.com.pt\/printhub\/?post_type=product&#038;p=54319"},"modified":"2024-05-01T22:25:06","modified_gmt":"2024-05-01T22:25:06","slug":"gold-madeira-imprimax","status":"publish","type":"product","link":"https:\/\/cmn.com.pt\/printhub\/produto\/imprimax-gama-decor\/gold-madeira-imprimax\/","title":{"rendered":"Gold Madeira"},"content":{"rendered":"","protected":false},"excerpt":{"rendered":"<p>Madeira \u00e9 um cl\u00e1ssico que combina com quase tudo.<br \/>\nQuase, porque o desenho das madeiras pode \u201cconflitar\u201d<br \/>\ncom outros desenhos e texturas.<br \/>\nEvite colocar as madeiras estilo catedral ao lado do m\u00e1rmore,<br \/>\npara n\u00e3o criar um ambiente pesado.<br \/>\nPara criar um efeito s\u00f3brio e discreto na decora\u00e7\u00e3o combine<br \/>\nmadeiras claras com os tons mais frios: cinza, azul e<br \/>\nverde. Caso a id\u00e9ia seja fazer uma decora\u00e7\u00e3o mais acolhedora,<br \/>\ncombine as madeiras em tons mais escuros como<br \/>\ncastanho ou preto.<\/p>\n","protected":false},"featured_media":54422,"comment_status":"closed","ping_status":"closed","template":"","meta":{"content-type":""},"product_cat":[9901],"product_tag":[],"class_list":["post-54319","product","type-product","status-publish","has-post-thumbnail","hentry","product_cat-imprimax-gama-decor"],"yoast_head":"<!-- This site is optimized with the Yoast SEO plugin v20.4 - https:\/\/yoast.com\/wordpress\/plugins\/seo\/ -->\n<title>Gold Madeira - PRINTHUB<\/title>\n<meta name=\"robots\" content=\"index, follow, max-snippet:-1, max-image-preview:large, max-video-preview:-1\" \/>\n<link rel=\"canonical\" href=\"https:\/\/cmn.com.pt\/printhub\/produto\/imprimax-gama-decor\/gold-madeira-imprimax\/\" \/>\n<meta property=\"og:locale\" content=\"pt_PT\" \/>\n<meta property=\"og:type\" content=\"article\" \/>\n<meta property=\"og:title\" content=\"Gold Madeira - PRINTHUB\" \/>\n<meta property=\"og:description\" content=\"Madeira \u00e9 um cl\u00e1ssico que combina com quase tudo. Quase, porque o desenho das madeiras pode \u201cconflitar\u201d com outros desenhos e texturas. Evite colocar as madeiras estilo catedral ao lado do m\u00e1rmore, para n\u00e3o criar um ambiente pesado. Para criar um efeito s\u00f3brio e discreto na decora\u00e7\u00e3o combine madeiras claras com os tons mais frios: cinza, azul e verde. Caso a id\u00e9ia seja fazer uma decora\u00e7\u00e3o mais acolhedora, combine as madeiras em tons mais escuros como castanho ou preto.\" \/>\n<meta property=\"og:url\" content=\"https:\/\/cmn.com.pt\/printhub\/produto\/imprimax-gama-decor\/gold-madeira-imprimax\/\" \/>\n<meta property=\"og:site_name\" content=\"PRINTHUB\" \/>\n<meta property=\"article:publisher\" content=\"https:\/\/www.facebook.com\/cmn.equipamentos.consumiveis\/\" \/>\n<meta property=\"article:modified_time\" content=\"2024-05-01T22:25:06+00:00\" \/>\n<meta property=\"og:image\" content=\"https:\/\/cmn.com.pt\/printhub\/wp-content\/uploads\/2024\/04\/IMPRIMAX-MADEIRA.png\" \/>\n\t<meta property=\"og:image:width\" content=\"685\" \/>\n\t<meta property=\"og:image:height\" content=\"559\" \/>\n\t<meta property=\"og:image:type\" content=\"image\/png\" \/>\n<meta name=\"twitter:card\" content=\"summary_large_image\" \/>\n<script type=\"application\/ld+json\" class=\"yoast-schema-graph\">{\"@context\":\"https:\/\/schema.org\",\"@graph\":[{\"@type\":\"WebPage\",\"@id\":\"https:\/\/cmn.com.pt\/printhub\/produto\/imprimax-gama-decor\/gold-madeira-imprimax\/\",\"url\":\"https:\/\/cmn.com.pt\/printhub\/produto\/imprimax-gama-decor\/gold-madeira-imprimax\/\",\"name\":\"Gold Madeira - PRINTHUB\",\"isPartOf\":{\"@id\":\"https:\/\/cmn.com.pt\/printhub\/#website\"},\"datePublished\":\"2024-04-08T16:36:29+00:00\",\"dateModified\":\"2024-05-01T22:25:06+00:00\",\"breadcrumb\":{\"@id\":\"https:\/\/cmn.com.pt\/printhub\/produto\/imprimax-gama-decor\/gold-madeira-imprimax\/#breadcrumb\"},\"inLanguage\":\"pt-PT\",\"potentialAction\":[{\"@type\":\"ReadAction\",\"target\":[\"https:\/\/cmn.com.pt\/printhub\/produto\/imprimax-gama-decor\/gold-madeira-imprimax\/\"]}]},{\"@type\":\"BreadcrumbList\",\"@id\":\"https:\/\/cmn.com.pt\/printhub\/produto\/imprimax-gama-decor\/gold-madeira-imprimax\/#breadcrumb\",\"itemListElement\":[{\"@type\":\"ListItem\",\"position\":1,\"name\":\"In\u00edcio\",\"item\":\"https:\/\/cmn.com.pt\/printhub\/\"},{\"@type\":\"ListItem\",\"position\":2,\"name\":\"Produtos\",\"item\":\"https:\/\/cmn.com.pt\/printhub\/produtos\/\"},{\"@type\":\"ListItem\",\"position\":3,\"name\":\"Gold Madeira\"}]},{\"@type\":\"WebSite\",\"@id\":\"https:\/\/cmn.com.pt\/printhub\/#website\",\"url\":\"https:\/\/cmn.com.pt\/printhub\/\",\"name\":\"CMN Equipamentos e Consum\u00edveis\",\"description\":\"Equipamentos e Consum\u00edveis de Impress\u00e3o, Lda\",\"publisher\":{\"@id\":\"https:\/\/cmn.com.pt\/printhub\/#organization\"},\"alternateName\":\"Empresa de Com\u00e9rcio e Repara\u00e7\u00e3o de equipamentos de impress\u00e3o de grande e pequeno formato, venda de Consum\u00edveis e materiais\",\"potentialAction\":[{\"@type\":\"SearchAction\",\"target\":{\"@type\":\"EntryPoint\",\"urlTemplate\":\"https:\/\/cmn.com.pt\/printhub\/?s={search_term_string}\"},\"query-input\":\"required name=search_term_string\"}],\"inLanguage\":\"pt-PT\"},{\"@type\":\"Organization\",\"@id\":\"https:\/\/cmn.com.pt\/printhub\/#organization\",\"name\":\"CMN - Import Export Trading\",\"url\":\"https:\/\/cmn.com.pt\/printhub\/\",\"logo\":{\"@type\":\"ImageObject\",\"inLanguage\":\"pt-PT\",\"@id\":\"https:\/\/cmn.com.pt\/printhub\/#\/schema\/logo\/image\/\",\"url\":\"https:\/\/cmn.com.pt\/printhub\/wp-content\/uploads\/2022\/07\/Logo-21-e1659456161272.png\",\"contentUrl\":\"https:\/\/cmn.com.pt\/printhub\/wp-content\/uploads\/2022\/07\/Logo-21-e1659456161272.png\",\"width\":149,\"height\":51,\"caption\":\"CMN - Import Export Trading\"},\"image\":{\"@id\":\"https:\/\/cmn.com.pt\/printhub\/#\/schema\/logo\/image\/\"},\"sameAs\":[\"https:\/\/www.facebook.com\/cmn.equipamentos.consumiveis\/\",\"https:\/\/www.instagram.com\/cmn_equipamentos\/\",\"https:\/\/www.linkedin.com\/in\/cmnequipamentoseconsumiveis\",\"https:\/\/www.youtube.com\/channel\/UCGla_lu2IiHeN4oHY2118Tg\"]}]}<\/script>\n<!-- \/ Yoast SEO plugin. -->","yoast_head_json":{"title":"Gold Madeira - PRINTHUB","robots":{"index":"index","follow":"follow","max-snippet":"max-snippet:-1","max-image-preview":"max-image-preview:large","max-video-preview":"max-video-preview:-1"},"canonical":"https:\/\/cmn.com.pt\/printhub\/produto\/imprimax-gama-decor\/gold-madeira-imprimax\/","og_locale":"pt_PT","og_type":"article","og_title":"Gold Madeira - PRINTHUB","og_description":"Madeira \u00e9 um cl\u00e1ssico que combina com quase tudo. Quase, porque o desenho das madeiras pode \u201cconflitar\u201d com outros desenhos e texturas. Evite colocar as madeiras estilo catedral ao lado do m\u00e1rmore, para n\u00e3o criar um ambiente pesado. Para criar um efeito s\u00f3brio e discreto na decora\u00e7\u00e3o combine madeiras claras com os tons mais frios: cinza, azul e verde. Caso a id\u00e9ia seja fazer uma decora\u00e7\u00e3o mais acolhedora, combine as madeiras em tons mais escuros como castanho ou preto.","og_url":"https:\/\/cmn.com.pt\/printhub\/produto\/imprimax-gama-decor\/gold-madeira-imprimax\/","og_site_name":"PRINTHUB","article_publisher":"https:\/\/www.facebook.com\/cmn.equipamentos.consumiveis\/","article_modified_time":"2024-05-01T22:25:06+00:00","og_image":[{"width":685,"height":559,"url":"https:\/\/cmn.com.pt\/printhub\/wp-content\/uploads\/2024\/04\/IMPRIMAX-MADEIRA.png","type":"image\/png"}],"twitter_card":"summary_large_image","schema":{"@context":"https:\/\/schema.org","@graph":[{"@type":"WebPage","@id":"https:\/\/cmn.com.pt\/printhub\/produto\/imprimax-gama-decor\/gold-madeira-imprimax\/","url":"https:\/\/cmn.com.pt\/printhub\/produto\/imprimax-gama-decor\/gold-madeira-imprimax\/","name":"Gold Madeira - PRINTHUB","isPartOf":{"@id":"https:\/\/cmn.com.pt\/printhub\/#website"},"datePublished":"2024-04-08T16:36:29+00:00","dateModified":"2024-05-01T22:25:06+00:00","breadcrumb":{"@id":"https:\/\/cmn.com.pt\/printhub\/produto\/imprimax-gama-decor\/gold-madeira-imprimax\/#breadcrumb"},"inLanguage":"pt-PT","potentialAction":[{"@type":"ReadAction","target":["https:\/\/cmn.com.pt\/printhub\/produto\/imprimax-gama-decor\/gold-madeira-imprimax\/"]}]},{"@type":"BreadcrumbList","@id":"https:\/\/cmn.com.pt\/printhub\/produto\/imprimax-gama-decor\/gold-madeira-imprimax\/#breadcrumb","itemListElement":[{"@type":"ListItem","position":1,"name":"In\u00edcio","item":"https:\/\/cmn.com.pt\/printhub\/"},{"@type":"ListItem","position":2,"name":"Produtos","item":"https:\/\/cmn.com.pt\/printhub\/produtos\/"},{"@type":"ListItem","position":3,"name":"Gold Madeira"}]},{"@type":"WebSite","@id":"https:\/\/cmn.com.pt\/printhub\/#website","url":"https:\/\/cmn.com.pt\/printhub\/","name":"CMN Equipamentos e Consum\u00edveis","description":"Equipamentos e Consum\u00edveis de Impress\u00e3o, Lda","publisher":{"@id":"https:\/\/cmn.com.pt\/printhub\/#organization"},"alternateName":"Empresa de Com\u00e9rcio e Repara\u00e7\u00e3o de equipamentos de impress\u00e3o de grande e pequeno formato, venda de Consum\u00edveis e materiais","potentialAction":[{"@type":"SearchAction","target":{"@type":"EntryPoint","urlTemplate":"https:\/\/cmn.com.pt\/printhub\/?s={search_term_string}"},"query-input":"required name=search_term_string"}],"inLanguage":"pt-PT"},{"@type":"Organization","@id":"https:\/\/cmn.com.pt\/printhub\/#organization","name":"CMN - Import Export Trading","url":"https:\/\/cmn.com.pt\/printhub\/","logo":{"@type":"ImageObject","inLanguage":"pt-PT","@id":"https:\/\/cmn.com.pt\/printhub\/#\/schema\/logo\/image\/","url":"https:\/\/cmn.com.pt\/printhub\/wp-content\/uploads\/2022\/07\/Logo-21-e1659456161272.png","contentUrl":"https:\/\/cmn.com.pt\/printhub\/wp-content\/uploads\/2022\/07\/Logo-21-e1659456161272.png","width":149,"height":51,"caption":"CMN - Import Export Trading"},"image":{"@id":"https:\/\/cmn.com.pt\/printhub\/#\/schema\/logo\/image\/"},"sameAs":["https:\/\/www.facebook.com\/cmn.equipamentos.consumiveis\/","https:\/\/www.instagram.com\/cmn_equipamentos\/","https:\/\/www.linkedin.com\/in\/cmnequipamentoseconsumiveis","https:\/\/www.youtube.com\/channel\/UCGla_lu2IiHeN4oHY2118Tg"]}]}},"_links":{"self":[{"href":"https:\/\/cmn.com.pt\/printhub\/wp-json\/wp\/v2\/product\/54319","targetHints":{"allow":["GET"]}}],"collection":[{"href":"https:\/\/cmn.com.pt\/printhub\/wp-json\/wp\/v2\/product"}],"about":[{"href":"https:\/\/cmn.com.pt\/printhub\/wp-json\/wp\/v2\/types\/product"}],"replies":[{"embeddable":true,"href":"https:\/\/cmn.com.pt\/printhub\/wp-json\/wp\/v2\/comments?post=54319"}],"version-history":[{"count":9,"href":"https:\/\/cmn.com.pt\/printhub\/wp-json\/wp\/v2\/product\/54319\/revisions"}],"predecessor-version":[{"id":54687,"href":"https:\/\/cmn.com.pt\/printhub\/wp-json\/wp\/v2\/product\/54319\/revisions\/54687"}],"wp:featuredmedia":[{"embeddable":true,"href":"https:\/\/cmn.com.pt\/printhub\/wp-json\/wp\/v2\/media\/54422"}],"wp:attachment":[{"href":"https:\/\/cmn.com.pt\/printhub\/wp-json\/wp\/v2\/media?parent=54319"}],"wp:term":[{"taxonomy":"product_cat","embeddable":true,"href":"https:\/\/cmn.com.pt\/printhub\/wp-json\/wp\/v2\/product_cat?post=54319"},{"taxonomy":"product_tag","embeddable":true,"href":"https:\/\/cmn.com.pt\/printhub\/wp-json\/wp\/v2\/product_tag?post=54319"}],"curies":[{"name":"wp","href":"https:\/\/api.w.org\/{rel}","templated":true}]}}