{"id":55154,"date":"2025-01-06T17:53:38","date_gmt":"2025-01-06T17:53:38","guid":{"rendered":"https:\/\/cmn.com.pt\/printhub\/?post_type=product&#038;p=55154"},"modified":"2025-02-09T19:34:01","modified_gmt":"2025-02-09T19:34:01","slug":"roland-truevis-tr2-500ml-tr2-cleaning","status":"publish","type":"product","link":"https:\/\/cmn.com.pt\/printhub\/produto\/tintas-roland\/roland-truevis-tr2-500ml-tr2-cleaning\/","title":{"rendered":"TR2-CL Cleaning Roland TrueVIS  (500ml)"},"content":{"rendered":"<h1 class=\"product_title entry-title wd-entities-title\">Tinteiro Roland TrueVIS TR2 Cleaning de 500ml (TR2-CL2)<\/h1>\n<div class=\"woocommerce-product-details__short-description\">\n<p>Tinteiro Roland TrueVIS TR2\u00a0\u00a0<strong>Cleaning<\/strong>\u00a0500ml (TR2-CL2).<\/p>\n<p>Compat\u00edvel com os seguintes equipamentos:<\/p>\n<p>\u2665 Roland S\u00e9ries SG2, <a href=\"https:\/\/dataplot.pt\/produto\/roland-truevis-sg3-540\/\">SG3<\/a>, VG2 e\u00a0<a href=\"https:\/\/dataplot.pt\/produto\/roland-truevis-vg3-640\/\">VG3<\/a>.<\/p>\n<p><a href=\"https:\/\/dataplot.pt\/wp-content\/uploads\/2023\/07\/Certificado-GreenGuard-Gold-TR2-136140-420-2024.pdf\"><strong>Certificado Green Guard Gold <\/strong><\/a><\/p>\n<p><iframe loading=\"lazy\" title=\"Roland VG3 540 - Replace Cleaning Liquid\" width=\"640\" height=\"360\" src=\"https:\/\/www.youtube.com\/embed\/abjWZkLbZFg?feature=oembed\" frameborder=\"0\" allow=\"accelerometer; autoplay; clipboard-write; encrypted-media; gyroscope; picture-in-picture; web-share\" referrerpolicy=\"strict-origin-when-cross-origin\" allowfullscreen><\/iframe><\/p>\n<\/div>\n","protected":false},"excerpt":{"rendered":"<p>Tinteiro Roland TrueVIS TR2\u00a0\u00a0<strong>Cleaning<\/strong>\u00a0500ml (TR2-CL2).<\/p>\n<p>Compat\u00edvel com os seguintes equipamentos:<\/p>\n<p>\u2665 Roland S\u00e9ries SG2, <a href=\"https:\/\/dataplot.pt\/produto\/roland-truevis-sg3-540\/\">SG3<\/a>, VG2 e\u00a0<a href=\"https:\/\/dataplot.pt\/produto\/roland-truevis-vg3-640\/\">VG3<\/a>.<\/p>\n<p><a href=\"https:\/\/dataplot.pt\/wp-content\/uploads\/2023\/07\/Certificado-GreenGuard-Gold-TR2-136140-420-2024.pdf\"><strong>Certificado Green Guard Gold<\/strong><\/a><\/p>\n","protected":false},"featured_media":55164,"comment_status":"closed","ping_status":"closed","template":"","meta":{"content-type":""},"product_cat":[9859],"product_tag":[],"class_list":["post-55154","product","type-product","status-publish","has-post-thumbnail","hentry","product_cat-tintas-roland","product_shipping_class-classe-3"],"yoast_head":"<!-- This site is optimized with the Yoast SEO plugin v20.4 - https:\/\/yoast.com\/wordpress\/plugins\/seo\/ -->\n<title>TR2-CL Cleaning Roland TrueVIS (500ml) - PRINTHUB<\/title>\n<meta name=\"robots\" content=\"index, follow, max-snippet:-1, max-image-preview:large, max-video-preview:-1\" \/>\n<link rel=\"canonical\" href=\"https:\/\/cmn.com.pt\/printhub\/produto\/tintas-roland\/roland-truevis-tr2-500ml-tr2-cleaning\/\" \/>\n<meta property=\"og:locale\" content=\"pt_PT\" \/>\n<meta property=\"og:type\" content=\"article\" \/>\n<meta property=\"og:title\" content=\"TR2-CL Cleaning Roland TrueVIS (500ml) - PRINTHUB\" \/>\n<meta property=\"og:description\" content=\"Tinteiro Roland TrueVIS TR2\u00a0\u00a0Cleaning\u00a0500ml (TR2-CL2).  Compat\u00edvel com os seguintes equipamentos:  \u2665 Roland S\u00e9ries SG2, SG3, VG2 e\u00a0VG3.  Certificado Green Guard Gold\" \/>\n<meta property=\"og:url\" content=\"https:\/\/cmn.com.pt\/printhub\/produto\/tintas-roland\/roland-truevis-tr2-500ml-tr2-cleaning\/\" \/>\n<meta property=\"og:site_name\" content=\"PRINTHUB\" \/>\n<meta property=\"article:publisher\" content=\"https:\/\/www.facebook.com\/cmn.equipamentos.consumiveis\/\" \/>\n<meta property=\"article:modified_time\" content=\"2025-02-09T19:34:01+00:00\" \/>\n<meta property=\"og:image\" content=\"https:\/\/cmn.com.pt\/printhub\/wp-content\/uploads\/2025\/01\/TR2-CL2-768x768-1.jpg\" \/>\n\t<meta property=\"og:image:width\" content=\"768\" \/>\n\t<meta property=\"og:image:height\" content=\"768\" \/>\n\t<meta property=\"og:image:type\" content=\"image\/jpeg\" \/>\n<meta name=\"twitter:card\" content=\"summary_large_image\" \/>\n<meta name=\"twitter:label1\" content=\"Tempo estimado de leitura\" \/>\n\t<meta name=\"twitter:data1\" content=\"1 minuto\" \/>\n<script type=\"application\/ld+json\" class=\"yoast-schema-graph\">{\"@context\":\"https:\/\/schema.org\",\"@graph\":[{\"@type\":\"WebPage\",\"@id\":\"https:\/\/cmn.com.pt\/printhub\/produto\/tintas-roland\/roland-truevis-tr2-500ml-tr2-cleaning\/\",\"url\":\"https:\/\/cmn.com.pt\/printhub\/produto\/tintas-roland\/roland-truevis-tr2-500ml-tr2-cleaning\/\",\"name\":\"TR2-CL Cleaning Roland TrueVIS (500ml) - PRINTHUB\",\"isPartOf\":{\"@id\":\"https:\/\/cmn.com.pt\/printhub\/#website\"},\"datePublished\":\"2025-01-06T17:53:38+00:00\",\"dateModified\":\"2025-02-09T19:34:01+00:00\",\"breadcrumb\":{\"@id\":\"https:\/\/cmn.com.pt\/printhub\/produto\/tintas-roland\/roland-truevis-tr2-500ml-tr2-cleaning\/#breadcrumb\"},\"inLanguage\":\"pt-PT\",\"potentialAction\":[{\"@type\":\"ReadAction\",\"target\":[\"https:\/\/cmn.com.pt\/printhub\/produto\/tintas-roland\/roland-truevis-tr2-500ml-tr2-cleaning\/\"]}]},{\"@type\":\"BreadcrumbList\",\"@id\":\"https:\/\/cmn.com.pt\/printhub\/produto\/tintas-roland\/roland-truevis-tr2-500ml-tr2-cleaning\/#breadcrumb\",\"itemListElement\":[{\"@type\":\"ListItem\",\"position\":1,\"name\":\"In\u00edcio\",\"item\":\"https:\/\/cmn.com.pt\/printhub\/\"},{\"@type\":\"ListItem\",\"position\":2,\"name\":\"Produtos\",\"item\":\"https:\/\/cmn.com.pt\/printhub\/produtos\/\"},{\"@type\":\"ListItem\",\"position\":3,\"name\":\"TR2-CL Cleaning Roland TrueVIS (500ml)\"}]},{\"@type\":\"WebSite\",\"@id\":\"https:\/\/cmn.com.pt\/printhub\/#website\",\"url\":\"https:\/\/cmn.com.pt\/printhub\/\",\"name\":\"CMN Equipamentos e Consum\u00edveis\",\"description\":\"Equipamentos e Consum\u00edveis de Impress\u00e3o, Lda\",\"publisher\":{\"@id\":\"https:\/\/cmn.com.pt\/printhub\/#organization\"},\"alternateName\":\"Empresa de Com\u00e9rcio e Repara\u00e7\u00e3o de equipamentos de impress\u00e3o de grande e pequeno formato, venda de Consum\u00edveis e materiais\",\"potentialAction\":[{\"@type\":\"SearchAction\",\"target\":{\"@type\":\"EntryPoint\",\"urlTemplate\":\"https:\/\/cmn.com.pt\/printhub\/?s={search_term_string}\"},\"query-input\":\"required name=search_term_string\"}],\"inLanguage\":\"pt-PT\"},{\"@type\":\"Organization\",\"@id\":\"https:\/\/cmn.com.pt\/printhub\/#organization\",\"name\":\"CMN - Import Export Trading\",\"url\":\"https:\/\/cmn.com.pt\/printhub\/\",\"logo\":{\"@type\":\"ImageObject\",\"inLanguage\":\"pt-PT\",\"@id\":\"https:\/\/cmn.com.pt\/printhub\/#\/schema\/logo\/image\/\",\"url\":\"https:\/\/cmn.com.pt\/printhub\/wp-content\/uploads\/2022\/07\/Logo-21-e1659456161272.png\",\"contentUrl\":\"https:\/\/cmn.com.pt\/printhub\/wp-content\/uploads\/2022\/07\/Logo-21-e1659456161272.png\",\"width\":149,\"height\":51,\"caption\":\"CMN - Import Export Trading\"},\"image\":{\"@id\":\"https:\/\/cmn.com.pt\/printhub\/#\/schema\/logo\/image\/\"},\"sameAs\":[\"https:\/\/www.facebook.com\/cmn.equipamentos.consumiveis\/\",\"https:\/\/www.instagram.com\/cmn_equipamentos\/\",\"https:\/\/www.linkedin.com\/in\/cmnequipamentoseconsumiveis\",\"https:\/\/www.youtube.com\/channel\/UCGla_lu2IiHeN4oHY2118Tg\"]}]}<\/script>\n<!-- \/ Yoast SEO plugin. -->","yoast_head_json":{"title":"TR2-CL Cleaning Roland TrueVIS (500ml) - PRINTHUB","robots":{"index":"index","follow":"follow","max-snippet":"max-snippet:-1","max-image-preview":"max-image-preview:large","max-video-preview":"max-video-preview:-1"},"canonical":"https:\/\/cmn.com.pt\/printhub\/produto\/tintas-roland\/roland-truevis-tr2-500ml-tr2-cleaning\/","og_locale":"pt_PT","og_type":"article","og_title":"TR2-CL Cleaning Roland TrueVIS (500ml) - PRINTHUB","og_description":"Tinteiro Roland TrueVIS TR2\u00a0\u00a0Cleaning\u00a0500ml (TR2-CL2).  Compat\u00edvel com os seguintes equipamentos:  \u2665 Roland S\u00e9ries SG2, SG3, VG2 e\u00a0VG3.  Certificado Green Guard Gold","og_url":"https:\/\/cmn.com.pt\/printhub\/produto\/tintas-roland\/roland-truevis-tr2-500ml-tr2-cleaning\/","og_site_name":"PRINTHUB","article_publisher":"https:\/\/www.facebook.com\/cmn.equipamentos.consumiveis\/","article_modified_time":"2025-02-09T19:34:01+00:00","og_image":[{"width":768,"height":768,"url":"https:\/\/cmn.com.pt\/printhub\/wp-content\/uploads\/2025\/01\/TR2-CL2-768x768-1.jpg","type":"image\/jpeg"}],"twitter_card":"summary_large_image","twitter_misc":{"Tempo estimado de leitura":"1 minuto"},"schema":{"@context":"https:\/\/schema.org","@graph":[{"@type":"WebPage","@id":"https:\/\/cmn.com.pt\/printhub\/produto\/tintas-roland\/roland-truevis-tr2-500ml-tr2-cleaning\/","url":"https:\/\/cmn.com.pt\/printhub\/produto\/tintas-roland\/roland-truevis-tr2-500ml-tr2-cleaning\/","name":"TR2-CL Cleaning Roland TrueVIS (500ml) - PRINTHUB","isPartOf":{"@id":"https:\/\/cmn.com.pt\/printhub\/#website"},"datePublished":"2025-01-06T17:53:38+00:00","dateModified":"2025-02-09T19:34:01+00:00","breadcrumb":{"@id":"https:\/\/cmn.com.pt\/printhub\/produto\/tintas-roland\/roland-truevis-tr2-500ml-tr2-cleaning\/#breadcrumb"},"inLanguage":"pt-PT","potentialAction":[{"@type":"ReadAction","target":["https:\/\/cmn.com.pt\/printhub\/produto\/tintas-roland\/roland-truevis-tr2-500ml-tr2-cleaning\/"]}]},{"@type":"BreadcrumbList","@id":"https:\/\/cmn.com.pt\/printhub\/produto\/tintas-roland\/roland-truevis-tr2-500ml-tr2-cleaning\/#breadcrumb","itemListElement":[{"@type":"ListItem","position":1,"name":"In\u00edcio","item":"https:\/\/cmn.com.pt\/printhub\/"},{"@type":"ListItem","position":2,"name":"Produtos","item":"https:\/\/cmn.com.pt\/printhub\/produtos\/"},{"@type":"ListItem","position":3,"name":"TR2-CL Cleaning Roland TrueVIS (500ml)"}]},{"@type":"WebSite","@id":"https:\/\/cmn.com.pt\/printhub\/#website","url":"https:\/\/cmn.com.pt\/printhub\/","name":"CMN Equipamentos e Consum\u00edveis","description":"Equipamentos e Consum\u00edveis de Impress\u00e3o, Lda","publisher":{"@id":"https:\/\/cmn.com.pt\/printhub\/#organization"},"alternateName":"Empresa de Com\u00e9rcio e Repara\u00e7\u00e3o de equipamentos de impress\u00e3o de grande e pequeno formato, venda de Consum\u00edveis e materiais","potentialAction":[{"@type":"SearchAction","target":{"@type":"EntryPoint","urlTemplate":"https:\/\/cmn.com.pt\/printhub\/?s={search_term_string}"},"query-input":"required name=search_term_string"}],"inLanguage":"pt-PT"},{"@type":"Organization","@id":"https:\/\/cmn.com.pt\/printhub\/#organization","name":"CMN - Import Export Trading","url":"https:\/\/cmn.com.pt\/printhub\/","logo":{"@type":"ImageObject","inLanguage":"pt-PT","@id":"https:\/\/cmn.com.pt\/printhub\/#\/schema\/logo\/image\/","url":"https:\/\/cmn.com.pt\/printhub\/wp-content\/uploads\/2022\/07\/Logo-21-e1659456161272.png","contentUrl":"https:\/\/cmn.com.pt\/printhub\/wp-content\/uploads\/2022\/07\/Logo-21-e1659456161272.png","width":149,"height":51,"caption":"CMN - Import Export Trading"},"image":{"@id":"https:\/\/cmn.com.pt\/printhub\/#\/schema\/logo\/image\/"},"sameAs":["https:\/\/www.facebook.com\/cmn.equipamentos.consumiveis\/","https:\/\/www.instagram.com\/cmn_equipamentos\/","https:\/\/www.linkedin.com\/in\/cmnequipamentoseconsumiveis","https:\/\/www.youtube.com\/channel\/UCGla_lu2IiHeN4oHY2118Tg"]}]}},"_links":{"self":[{"href":"https:\/\/cmn.com.pt\/printhub\/wp-json\/wp\/v2\/product\/55154","targetHints":{"allow":["GET"]}}],"collection":[{"href":"https:\/\/cmn.com.pt\/printhub\/wp-json\/wp\/v2\/product"}],"about":[{"href":"https:\/\/cmn.com.pt\/printhub\/wp-json\/wp\/v2\/types\/product"}],"replies":[{"embeddable":true,"href":"https:\/\/cmn.com.pt\/printhub\/wp-json\/wp\/v2\/comments?post=55154"}],"version-history":[{"count":4,"href":"https:\/\/cmn.com.pt\/printhub\/wp-json\/wp\/v2\/product\/55154\/revisions"}],"predecessor-version":[{"id":55265,"href":"https:\/\/cmn.com.pt\/printhub\/wp-json\/wp\/v2\/product\/55154\/revisions\/55265"}],"wp:featuredmedia":[{"embeddable":true,"href":"https:\/\/cmn.com.pt\/printhub\/wp-json\/wp\/v2\/media\/55164"}],"wp:attachment":[{"href":"https:\/\/cmn.com.pt\/printhub\/wp-json\/wp\/v2\/media?parent=55154"}],"wp:term":[{"taxonomy":"product_cat","embeddable":true,"href":"https:\/\/cmn.com.pt\/printhub\/wp-json\/wp\/v2\/product_cat?post=55154"},{"taxonomy":"product_tag","embeddable":true,"href":"https:\/\/cmn.com.pt\/printhub\/wp-json\/wp\/v2\/product_tag?post=55154"}],"curies":[{"name":"wp","href":"https:\/\/api.w.org\/{rel}","templated":true}]}}